{"id":2314,"date":"2017-06-29T10:52:38","date_gmt":"2017-06-29T09:52:38","guid":{"rendered":"http:\/\/omnivion.net\/core\/projets\/educational-projects\/stage_dipla_2017-copy\/"},"modified":"2017-09-17T22:11:56","modified_gmt":"2017-09-17T21:11:56","slug":"stage_dipla_2017-10","status":"publish","type":"page","link":"https:\/\/omnivion.net\/core\/fr\/projets\/educational-projects\/stage_dipla_2017-10\/","title":{"rendered":"Stage de danse contemporaine avec Nina Dipla (octobre 2017)"},"content":{"rendered":"<p><a href=\"http:\/\/omnivion.net\/core\/projets\/educational-projects\/stage_dipla_2017-copy\/cchevallier-2011-03-10-6-30-2_bwc_3\/\" rel=\"attachment wp-att-2317\"><img data-recalc-dims=\"1\" loading=\"lazy\" decoding=\"async\" class=\"alignnone size-large wp-image-2317\" src=\"https:\/\/i0.wp.com\/omnivion.net\/core\/wp-content\/uploads\/2017\/06\/%C2%A9CChevallier-2011-03-10-6-30-2_bw%C3%A7_3-1024x499.jpg?resize=800%2C390\" alt=\"\" width=\"800\" height=\"390\" srcset=\"https:\/\/i0.wp.com\/omnivion.net\/core\/wp-content\/uploads\/2017\/06\/%C2%A9CChevallier-2011-03-10-6-30-2_bw%C3%A7_3.jpg?resize=1024%2C499&amp;ssl=1 1024w, https:\/\/i0.wp.com\/omnivion.net\/core\/wp-content\/uploads\/2017\/06\/%C2%A9CChevallier-2011-03-10-6-30-2_bw%C3%A7_3.jpg?resize=300%2C146&amp;ssl=1 300w, https:\/\/i0.wp.com\/omnivion.net\/core\/wp-content\/uploads\/2017\/06\/%C2%A9CChevallier-2011-03-10-6-30-2_bw%C3%A7_3.jpg?resize=768%2C374&amp;ssl=1 768w, https:\/\/i0.wp.com\/omnivion.net\/core\/wp-content\/uploads\/2017\/06\/%C2%A9CChevallier-2011-03-10-6-30-2_bw%C3%A7_3.jpg?w=1600&amp;ssl=1 1600w\" sizes=\"auto, (max-width: 800px) 100vw, 800px\" \/><\/a><\/p>\n<h3>Nina Dipla : \u00ab\u00a0<em>Vers une \u00e9coute profonde\u00a0\u00bb<\/em><\/h3>\n<p><strong>Un stage co-organis\u00e9 par le Petit Morier !<\/strong><\/p>\n<p>Ce stage s&rsquo;adresse aux danseurs, com\u00e9diens, circassiens mais aussi aux amateurs du movement dans\u00e9 de tout horizon. Inspir\u00e9e de l\u2019enseignement de la Folkwang Hochschule de Pina Bausch, la m\u00e9thode de travail de Nina Dipla est bas\u00e9e sur la simplicit\u00e9 et la qualit\u00e9 du mouvement. Sa recherche personnelle est bas\u00e9e sur la respiration, l\u2019utilisation du sol, l\u2019utilisation du centre, la suspension, le poids du corps. Nina abordera un travail d\u2019ouverture du corps et de l\u2019esprit par l\u2019utilisation de la voix, tout en laissant place \u00e0 des moments d\u2019\u00e9coute envers son corps et celui du partenaire. Elle mettra en avant la notion de simplicit\u00e9 d\u2019\u00eatre pr\u00e9sent, \u00eatre simplement l\u00e0, \u00eatre concret, sans se laisser perdre.<\/p>\n<p><strong>Courte biographie : <\/strong><\/p>\n<p>Membre du Folkwang Tanzstudio \u00e0 partir de 1994, elle travaille notamment avec Pina Bausch. Depuis 1999, elle collabore en tant qu\u2019interpr\u00e8te avec divers chor\u00e9graphes, compositeurs et metteurs en sc\u00e8ne. Elle a \u00e9t\u00e9 assistante chor\u00e9graphique au Tanztheater Wuppertal (Pina Bausch) pour la reprise du Tannh\u00e4user. Nina habite actuellement \u00e0 Paris o\u00f9 elle enseigne la danse contemporaine et propose des stages en France et \u00e0 l\u2019\u00e9tranger (Allemagne, Gr\u00e8ce, Slov\u00e9nie, Argentine, Italie, Br\u00e9sil, Chili, P\u00e9rou, Japon, Serbie, Angleterre, Chypre, Suisse, Su\u00e8de&#8230;).<\/p>\n<p><strong>Vid\u00e9os de Nina sur Youtube :\u00a0<a href=\"https:\/\/www.youtube.com\/user\/evdomida\/videos\">Nina_videos<\/a><\/strong><\/p>\n<p><strong>&lt;&lt;&lt;&lt;&lt;&lt;&lt;&lt;&lt;&lt;&lt;&lt;&lt;&lt;&lt;&lt;&lt;&lt;&lt;&lt;&lt;&lt;&lt;&lt;&lt;&lt;&lt;&lt;&lt;&lt;&lt;&lt;&lt;&lt;&lt;&lt;&lt;&lt;&lt;&lt;&lt;&lt;&lt;&lt;&lt;&lt;&lt;&lt;&lt;&lt;&lt;&lt;&lt;&lt;&lt;&lt;&lt;&lt;&lt;&lt;&lt;&lt;&lt;<\/strong><\/p>\n<p>&nbsp;<\/p>\n<h3><strong>R\u00e9servations :\u00a0<a href=\"https:\/\/www.e-cotiz.com\/app\/site\/4065-stage_nina\" target=\"_blank\" rel=\"noopener\">e-cotiz.com\/Nina_Dipla<\/a><\/strong><\/h3>\n<p><strong>Dates : 21-22 octobre 2017<\/strong><\/p>\n<p><strong>Horaires : 14H00-19H00 le samedi\u00a0et 13H00-18H00 le dimanche<\/strong><\/p>\n<p><strong>Prix : 50\u20ac<\/strong><\/p>\n<p><strong>Lieu : Petit Morier, 81 Boulevard Jean Royer, 37000 Tours (Bus 4, station Duplessis)<\/strong><\/p>\n<p><iframe loading=\"lazy\" style=\"border: 0;\" src=\"https:\/\/www.google.com\/maps\/embed?pb=!1m14!1m8!1m3!1d21612.106358634694!2d0.689583!3d47.382417000000004!3m2!1i1024!2i768!4f13.1!3m3!1m2!1s0x0%3A0xed63f5ea39e98f3e!2sLe+petit+Morier!5e0!3m2!1sfr!2sus!4v1487765234216\" width=\"400\" height=\"300\" frameborder=\"0\" allowfullscreen=\"allowfullscreen\"><\/iframe><\/p>","protected":false},"excerpt":{"rendered":"<p>Nina Dipla : \u00ab\u00a0Vers une \u00e9coute profonde\u00a0\u00bb Un stage co-organis\u00e9 par le Petit [&hellip;]<\/p>\n","protected":false},"author":1,"featured_media":0,"parent":63,"menu_order":0,"comment_status":"closed","ping_status":"closed","template":"","meta":{"jetpack_post_was_ever_published":false,"footnotes":""},"class_list":["post-2314","page","type-page","status-publish","hentry"],"yoast_head":"<!-- This site is optimized with the Yoast SEO plugin v27.4 - https:\/\/yoast.com\/product\/yoast-seo-wordpress\/ -->\n<title>Stage de danse contemporaine avec Nina Dipla (octobre 2017) - omnivion.net<\/title>\n<meta name=\"robots\" content=\"index, follow, max-snippet:-1, max-image-preview:large, max-video-preview:-1\" \/>\n<link rel=\"canonical\" href=\"https:\/\/omnivion.net\/core\/fr\/projets\/educational-projects\/stage_dipla_2017-10\/\" \/>\n<meta property=\"og:locale\" content=\"fr_FR\" \/>\n<meta property=\"og:type\" content=\"article\" \/>\n<meta property=\"og:title\" content=\"Stage de danse contemporaine avec Nina Dipla (octobre 2017) - omnivion.net\" \/>\n<meta property=\"og:description\" content=\"Nina Dipla : \u00ab\u00a0Vers une \u00e9coute profonde\u00a0\u00bb Un stage co-organis\u00e9 par le Petit [&hellip;]\" \/>\n<meta property=\"og:url\" content=\"https:\/\/omnivion.net\/core\/fr\/projets\/educational-projects\/stage_dipla_2017-10\/\" \/>\n<meta property=\"og:site_name\" content=\"omnivion.net\" \/>\n<meta property=\"article:modified_time\" content=\"2017-09-17T21:11:56+00:00\" \/>\n<meta name=\"twitter:card\" content=\"summary_large_image\" \/>\n<meta name=\"twitter:label1\" content=\"Dur\u00e9e de lecture estim\u00e9e\" \/>\n\t<meta name=\"twitter:data1\" content=\"3 minutes\" \/>\n<script type=\"application\/ld+json\" class=\"yoast-schema-graph\">{\"@context\":\"https:\\\/\\\/schema.org\",\"@graph\":[{\"@type\":\"WebPage\",\"@id\":\"https:\\\/\\\/omnivion.net\\\/core\\\/fr\\\/projets\\\/educational-projects\\\/stage_dipla_2017-10\\\/\",\"url\":\"https:\\\/\\\/omnivion.net\\\/core\\\/fr\\\/projets\\\/educational-projects\\\/stage_dipla_2017-10\\\/\",\"name\":\"Stage de danse contemporaine avec Nina Dipla (octobre 2017) - omnivion.net\",\"isPartOf\":{\"@id\":\"https:\\\/\\\/omnivion.net\\\/core\\\/fr\\\/#website\"},\"datePublished\":\"2017-06-29T09:52:38+00:00\",\"dateModified\":\"2017-09-17T21:11:56+00:00\",\"breadcrumb\":{\"@id\":\"https:\\\/\\\/omnivion.net\\\/core\\\/fr\\\/projets\\\/educational-projects\\\/stage_dipla_2017-10\\\/#breadcrumb\"},\"inLanguage\":\"fr-FR\",\"potentialAction\":[{\"@type\":\"ReadAction\",\"target\":[\"https:\\\/\\\/omnivion.net\\\/core\\\/fr\\\/projets\\\/educational-projects\\\/stage_dipla_2017-10\\\/\"]}]},{\"@type\":\"BreadcrumbList\",\"@id\":\"https:\\\/\\\/omnivion.net\\\/core\\\/fr\\\/projets\\\/educational-projects\\\/stage_dipla_2017-10\\\/#breadcrumb\",\"itemListElement\":[{\"@type\":\"ListItem\",\"position\":1,\"name\":\"Accueil\",\"item\":\"https:\\\/\\\/omnivion.net\\\/core\\\/en\\\/silverstorm\\\/\"},{\"@type\":\"ListItem\",\"position\":2,\"name\":\"Projets\",\"item\":\"https:\\\/\\\/omnivion.net\\\/core\\\/fr\\\/projets\\\/\"},{\"@type\":\"ListItem\",\"position\":3,\"name\":\"Projets Educatifs\",\"item\":\"https:\\\/\\\/omnivion.net\\\/core\\\/projets\\\/educational-projects\\\/\"},{\"@type\":\"ListItem\",\"position\":4,\"name\":\"Stage de danse contemporaine avec Nina Dipla (octobre 2017)\"}]},{\"@type\":\"WebSite\",\"@id\":\"https:\\\/\\\/omnivion.net\\\/core\\\/fr\\\/#website\",\"url\":\"https:\\\/\\\/omnivion.net\\\/core\\\/fr\\\/\",\"name\":\"omnivion.net\",\"description\":\"...ARTS D&#039;\u00caTRE CORPS...\",\"potentialAction\":[{\"@type\":\"SearchAction\",\"target\":{\"@type\":\"EntryPoint\",\"urlTemplate\":\"https:\\\/\\\/omnivion.net\\\/core\\\/fr\\\/?s={search_term_string}\"},\"query-input\":{\"@type\":\"PropertyValueSpecification\",\"valueRequired\":true,\"valueName\":\"search_term_string\"}}],\"inLanguage\":\"fr-FR\"}]}<\/script>\n<!-- \/ Yoast SEO plugin. -->","yoast_head_json":{"title":"Stage de danse contemporaine avec Nina Dipla (octobre 2017) - omnivion.net","robots":{"index":"index","follow":"follow","max-snippet":"max-snippet:-1","max-image-preview":"max-image-preview:large","max-video-preview":"max-video-preview:-1"},"canonical":"https:\/\/omnivion.net\/core\/fr\/projets\/educational-projects\/stage_dipla_2017-10\/","og_locale":"fr_FR","og_type":"article","og_title":"Stage de danse contemporaine avec Nina Dipla (octobre 2017) - omnivion.net","og_description":"Nina Dipla : \u00ab\u00a0Vers une \u00e9coute profonde\u00a0\u00bb Un stage co-organis\u00e9 par le Petit [&hellip;]","og_url":"https:\/\/omnivion.net\/core\/fr\/projets\/educational-projects\/stage_dipla_2017-10\/","og_site_name":"omnivion.net","article_modified_time":"2017-09-17T21:11:56+00:00","twitter_card":"summary_large_image","twitter_misc":{"Dur\u00e9e de lecture estim\u00e9e":"3 minutes"},"schema":{"@context":"https:\/\/schema.org","@graph":[{"@type":"WebPage","@id":"https:\/\/omnivion.net\/core\/fr\/projets\/educational-projects\/stage_dipla_2017-10\/","url":"https:\/\/omnivion.net\/core\/fr\/projets\/educational-projects\/stage_dipla_2017-10\/","name":"Stage de danse contemporaine avec Nina Dipla (octobre 2017) - omnivion.net","isPartOf":{"@id":"https:\/\/omnivion.net\/core\/fr\/#website"},"datePublished":"2017-06-29T09:52:38+00:00","dateModified":"2017-09-17T21:11:56+00:00","breadcrumb":{"@id":"https:\/\/omnivion.net\/core\/fr\/projets\/educational-projects\/stage_dipla_2017-10\/#breadcrumb"},"inLanguage":"fr-FR","potentialAction":[{"@type":"ReadAction","target":["https:\/\/omnivion.net\/core\/fr\/projets\/educational-projects\/stage_dipla_2017-10\/"]}]},{"@type":"BreadcrumbList","@id":"https:\/\/omnivion.net\/core\/fr\/projets\/educational-projects\/stage_dipla_2017-10\/#breadcrumb","itemListElement":[{"@type":"ListItem","position":1,"name":"Accueil","item":"https:\/\/omnivion.net\/core\/en\/silverstorm\/"},{"@type":"ListItem","position":2,"name":"Projets","item":"https:\/\/omnivion.net\/core\/fr\/projets\/"},{"@type":"ListItem","position":3,"name":"Projets Educatifs","item":"https:\/\/omnivion.net\/core\/projets\/educational-projects\/"},{"@type":"ListItem","position":4,"name":"Stage de danse contemporaine avec Nina Dipla (octobre 2017)"}]},{"@type":"WebSite","@id":"https:\/\/omnivion.net\/core\/fr\/#website","url":"https:\/\/omnivion.net\/core\/fr\/","name":"omnivion.net","description":"...ARTS D&#039;\u00caTRE CORPS...","potentialAction":[{"@type":"SearchAction","target":{"@type":"EntryPoint","urlTemplate":"https:\/\/omnivion.net\/core\/fr\/?s={search_term_string}"},"query-input":{"@type":"PropertyValueSpecification","valueRequired":true,"valueName":"search_term_string"}}],"inLanguage":"fr-FR"}]}},"jetpack_sharing_enabled":true,"jetpack_shortlink":"https:\/\/wp.me\/P2fe7Q-Bk","jetpack_likes_enabled":true,"_links":{"self":[{"href":"https:\/\/omnivion.net\/core\/fr\/wp-json\/wp\/v2\/pages\/2314","targetHints":{"allow":["GET"]}}],"collection":[{"href":"https:\/\/omnivion.net\/core\/fr\/wp-json\/wp\/v2\/pages"}],"about":[{"href":"https:\/\/omnivion.net\/core\/fr\/wp-json\/wp\/v2\/types\/page"}],"author":[{"embeddable":true,"href":"https:\/\/omnivion.net\/core\/fr\/wp-json\/wp\/v2\/users\/1"}],"replies":[{"embeddable":true,"href":"https:\/\/omnivion.net\/core\/fr\/wp-json\/wp\/v2\/comments?post=2314"}],"version-history":[{"count":11,"href":"https:\/\/omnivion.net\/core\/fr\/wp-json\/wp\/v2\/pages\/2314\/revisions"}],"predecessor-version":[{"id":2460,"href":"https:\/\/omnivion.net\/core\/fr\/wp-json\/wp\/v2\/pages\/2314\/revisions\/2460"}],"up":[{"embeddable":true,"href":"https:\/\/omnivion.net\/core\/fr\/wp-json\/wp\/v2\/pages\/63"}],"wp:attachment":[{"href":"https:\/\/omnivion.net\/core\/fr\/wp-json\/wp\/v2\/media?parent=2314"}],"curies":[{"name":"wp","href":"https:\/\/api.w.org\/{rel}","templated":true}]}}

<p><a href="http://omnivion.net/core/projets/educational-projects/stage_dipla_2017-copy/cchevallier-2011-03-10-6-30-2_bwc_3/" rel="attachment wp-att-2317"><img data-recalc-dims="1" loading="lazy" decoding="async" class="alignnone size-large wp-image-2317" src="https://i0.wp.com/omnivion.net/core/wp-content/uploads/2017/06/%C2%A9CChevallier-2011-03-10-6-30-2_bw%C3%A7_3-1024x499.jpg?resize=800%2C390" alt="" width="800" height="390" srcset="https://i0.wp.com/omnivion.net/core/wp-content/uploads/2017/06/%C2%A9CChevallier-2011-03-10-6-30-2_bw%C3%A7_3.jpg?resize=1024%2C499&amp;ssl=1 1024w, https://i0.wp.com/omnivion.net/core/wp-content/uploads/2017/06/%C2%A9CChevallier-2011-03-10-6-30-2_bw%C3%A7_3.jpg?resize=300%2C146&amp;ssl=1 300w, https://i0.wp.com/omnivion.net/core/wp-content/uploads/2017/06/%C2%A9CChevallier-2011-03-10-6-30-2_bw%C3%A7_3.jpg?resize=768%2C374&amp;ssl=1 768w, https://i0.wp.com/omnivion.net/core/wp-content/uploads/2017/06/%C2%A9CChevallier-2011-03-10-6-30-2_bw%C3%A7_3.jpg?w=1600&amp;ssl=1 1600w" sizes="auto, (max-width: 800px) 100vw, 800px" /></a></p>
<h3>Nina Dipla : « <em>Vers une écoute profonde »</em></h3>
<p><strong>Un stage co-organisé par le Petit Morier !</strong></p>
<p>Ce stage s&rsquo;adresse aux danseurs, comédiens, circassiens mais aussi aux amateurs du movement dansé de tout horizon. Inspirée de l’enseignement de la Folkwang Hochschule de Pina Bausch, la méthode de travail de Nina Dipla est basée sur la simplicité et la qualité du mouvement. Sa recherche personnelle est basée sur la respiration, l’utilisation du sol, l’utilisation du centre, la suspension, le poids du corps. Nina abordera un travail d’ouverture du corps et de l’esprit par l’utilisation de la voix, tout en laissant place à des moments d’écoute envers son corps et celui du partenaire. Elle mettra en avant la notion de simplicité d’être présent, être simplement là, être concret, sans se laisser perdre.</p>
<p><strong>Courte biographie : </strong></p>
<p>Membre du Folkwang Tanzstudio à partir de 1994, elle travaille notamment avec Pina Bausch. Depuis 1999, elle collabore en tant qu’interprète avec divers chorégraphes, compositeurs et metteurs en scène. Elle a été assistante chorégraphique au Tanztheater Wuppertal (Pina Bausch) pour la reprise du Tannhäuser. Nina habite actuellement à Paris où elle enseigne la danse contemporaine et propose des stages en France et à l’étranger (Allemagne, Grèce, Slovénie, Argentine, Italie, Brésil, Chili, Pérou, Japon, Serbie, Angleterre, Chypre, Suisse, Suède&#8230;).</p>
<p><strong>Vidéos de Nina sur Youtube : <a href="https://www.youtube.com/user/evdomida/videos">Nina_videos</a></strong></p>
<p><strong>&lt;&lt;&lt;&lt;&lt;&lt;&lt;&lt;&lt;&lt;&lt;&lt;&lt;&lt;&lt;&lt;&lt;&lt;&lt;&lt;&lt;&lt;&lt;&lt;&lt;&lt;&lt;&lt;&lt;&lt;&lt;&lt;&lt;&lt;&lt;&lt;&lt;&lt;&lt;&lt;&lt;&lt;&lt;&lt;&lt;&lt;&lt;&lt;&lt;&lt;&lt;&lt;&lt;&lt;&lt;&lt;&lt;&lt;&lt;&lt;&lt;&lt;&lt;</strong></p>
<p>&nbsp;</p>
<h3><strong>Réservations : <a href="https://www.e-cotiz.com/app/site/4065-stage_nina" target="_blank" rel="noopener">e-cotiz.com/Nina_Dipla</a></strong></h3>
<p><strong>Dates : 21-22 octobre 2017</strong></p>
<p><strong>Horaires : 14H00-19H00 le samedi et 13H00-18H00 le dimanche</strong></p>
<p><strong>Prix : 50€</strong></p>
<p><strong>Lieu : Petit Morier, 81 Boulevard Jean Royer, 37000 Tours (Bus 4, station Duplessis)</strong></p>
<p><iframe loading="lazy" style="border: 0;" src="https://www.google.com/maps/embed?pb=!1m14!1m8!1m3!1d21612.106358634694!2d0.689583!3d47.382417000000004!3m2!1i1024!2i768!4f13.1!3m3!1m2!1s0x0%3A0xed63f5ea39e98f3e!2sLe+petit+Morier!5e0!3m2!1sfr!2sus!4v1487765234216" width="400" height="300" frameborder="0" allowfullscreen="allowfullscreen"></iframe></p>

<p>Nina Dipla : « Vers une écoute profonde » Un stage co-organisé par le Petit [&hellip;]</p>

<!-- This site is optimized with the Yoast SEO plugin v27.4 - https://yoast.com/product/yoast-seo-wordpress/ -->
<title>Stage de danse contemporaine avec Nina Dipla (octobre 2017) - omnivion.net</title>
<meta name="robots" content="index, follow, max-snippet:-1, max-image-preview:large, max-video-preview:-1" />
<link rel="canonical" href="https://omnivion.net/core/fr/projets/educational-projects/stage_dipla_2017-10/" />
<meta property="og:locale" content="fr_FR" />
<meta property="og:type" content="article" />
<meta property="og:title" content="Stage de danse contemporaine avec Nina Dipla (octobre 2017) - omnivion.net" />
<meta property="og:description" content="Nina Dipla : « Vers une écoute profonde » Un stage co-organisé par le Petit [&hellip;]" />
<meta property="og:url" content="https://omnivion.net/core/fr/projets/educational-projects/stage_dipla_2017-10/" />
<meta property="og:site_name" content="omnivion.net" />
<meta property="article:modified_time" content="2017-09-17T21:11:56+00:00" />
<meta name="twitter:card" content="summary_large_image" />
<meta name="twitter:label1" content="Durée de lecture estimée" />
	<meta name="twitter:data1" content="3 minutes" />
<script type="application/ld+json" class="yoast-schema-graph">{"@context":"https:\/\/schema.org","@graph":[{"@type":"WebPage","@id":"https:\/\/omnivion.net\/core\/fr\/projets\/educational-projects\/stage_dipla_2017-10\/","url":"https:\/\/omnivion.net\/core\/fr\/projets\/educational-projects\/stage_dipla_2017-10\/","name":"Stage de danse contemporaine avec Nina Dipla (octobre 2017) - omnivion.net","isPartOf":{"@id":"https:\/\/omnivion.net\/core\/fr\/#website"},"datePublished":"2017-06-29T09:52:38+00:00","dateModified":"2017-09-17T21:11:56+00:00","breadcrumb":{"@id":"https:\/\/omnivion.net\/core\/fr\/projets\/educational-projects\/stage_dipla_2017-10\/#breadcrumb"},"inLanguage":"fr-FR","potentialAction":[{"@type":"ReadAction","target":["https:\/\/omnivion.net\/core\/fr\/projets\/educational-projects\/stage_dipla_2017-10\/"]}]},{"@type":"BreadcrumbList","@id":"https:\/\/omnivion.net\/core\/fr\/projets\/educational-projects\/stage_dipla_2017-10\/#breadcrumb","itemListElement":[{"@type":"ListItem","position":1,"name":"Accueil","item":"https:\/\/omnivion.net\/core\/en\/silverstorm\/"},{"@type":"ListItem","position":2,"name":"Projets","item":"https:\/\/omnivion.net\/core\/fr\/projets\/"},{"@type":"ListItem","position":3,"name":"Projets Educatifs","item":"https:\/\/omnivion.net\/core\/projets\/educational-projects\/"},{"@type":"ListItem","position":4,"name":"Stage de danse contemporaine avec Nina Dipla (octobre 2017)"}]},{"@type":"WebSite","@id":"https:\/\/omnivion.net\/core\/fr\/#website","url":"https:\/\/omnivion.net\/core\/fr\/","name":"omnivion.net","description":"...ARTS D&#039;ÊTRE CORPS...","potentialAction":[{"@type":"SearchAction","target":{"@type":"EntryPoint","urlTemplate":"https:\/\/omnivion.net\/core\/fr\/?s={search_term_string}"},"query-input":{"@type":"PropertyValueSpecification","valueRequired":true,"valueName":"search_term_string"}}],"inLanguage":"fr-FR"}]}</script>
<!-- / Yoast SEO plugin. -->

Nina Dipla : « Vers une écoute profonde » Un stage co-organisé par le Petit [&hellip;]

...ARTS D&#039;ÊTRE CORPS...
